 - 16. Let q(w) = -4*a(w) + f(w). Determine q(12).
-12
Let d be 8/(-6)*9/(-2). Suppose 4*g - 5*i = -3 + 17, -2*i = -4. Let r(z) = -24*z**3 + 2*z + 25*z**3 - g*z**2 - z. Calculate r(d).
6
Let j(c) = 3*c**2 + 5*c + 5. Let h(b) = -b**2 - 1. Let f(y) = 4*h(y) + j(y). Let t(u) = -u**2 - 8*u - 6. Let q be t(-7). Let l = q + 3. What is f(l)?
5
Let f(w) = 3*w**2 - 7*w + 1. Let g be f(3). Let d(u) = g*u + 5*u + 1 + 8 - 10*u. Let z be d(-7). Let b(q) = -q**2 - 2*q + 2. Determine b(z).
-13
Suppose 7*m = 96 + 16. Let h(a) = -17*a + 0*a**2 + 2*a**2 + m*a. Give h(1).
1
Let s = 0 - 6. Let l(d) = d - 7*d + 2 + 3*d**2 - 7 - 9*d**2 - d**2. Let o(u) = u**2 - u - 1. Let r(y) = s*o(y) + l(y). Calculate r(-1).
-12
Let y(a) = -a - 1. Let q be y(-3). Let d(n) be the first derivative of n**6/360 + 55*n**3/3 + 67. Let g(t) be the third derivative of d(t). Calculate g(q).
4
Let f be 208/52 - (1 - -8). Let d(l) = l**3 + 6*l**2 + 6*l - 2. Give d(f).
-7
Let j(p) = -p**3 - 7*p**2 - 6*p + 3. Let c(x) = -2*x**3 - 7*x**2 - 4*x - 8. Let u be c(-3). Determine j(u).
-17
Let j(s) = -5*s**3 - 33*s**2 + 33*s - 6. Let y(c) = c**3 + 8*c**2 - 8*c + 2. Let x(l) = -2*j(l) - 9*y(l). Determine x(4).
-14
Let q be -12*(0 + (-4)/12). Suppose 1 = -q*b + 13. Let v(a) = 2*a + 1 - 2*a**2 + 3*a**3 - 6*a**3 + a**b. Determine v(-2).
5
Suppose 25 = 3*u - 2*h, 50 = -6*u + 11*u + 5*h. Let s(y) = -y**3 + 10*y**2 - 10*y - 11. Determine s(u).
-20
Suppose -3*n - 2*n + 5 = -5*s, -n = -5*s - 13. Let v(a) = -3*a + 3 - 10*a - 3*a + 15*a. Calculate v(s).
6
Let b(k) = -5*k - 5. Let h(v) = 21*v + 22. Let d(c) = -9*b(c) - 2*h(c). Suppose 3*y - 3*t = -3, -3*y + 4*t = 2*t. Suppose 0 = -2*l - y*l - 8. What is d(l)?
-5
Suppose 5*v - 39 = -3*a, 2*v - 3*v - 9 = -5*a. Let d(q) = -q**2 + 6*q + 7. Give d(v).
7
Let m(k) be the second derivative of -k**5/20 - 7*k**4/12 - 4*k**3/3 - 9*k**2/2 + 27*k. Let c be m(-6). Let u(h) = 3*h**2 - 2*h - 4. Calculate u(c).
17
Let o(c) = 4*c**2 + 1 + 17 + 14 + 0 - 3*c**2. Calculate o(0).
32
Suppose -188 = -3*d - 197. Let h(p) = p**2 + 4*p - 4. Give h(d).
-7
Let a(j) = -19*j - 29. Let o(q) = -7*q - 9. Let s(i) = -4*a(i) + 11*o(i). Calculate s(13).
4
Suppose -11*q + 13*q = 8. Suppose -n - 4*l + 15 = -0*l, 96 = 4*n + q*l. Let i(c) = 0*c - c**2 - n + 25 - 4*c. What is i(-3)?
1
Let c(x) = x**3 + 3*x**2 - 8*x + 3. Let i = 697 - 703. Calculate c(i).
-57
Let l(s) be the first derivative of s**3/3 - 7*s**2/2 - 3*s + 79. Calculate l(8).
5
Let c(r) = -r. Let l(b) = 47 + 3*b + 9*b - 49 - 3*b. Let p be l(1). Determine c(p).
-7
Let b(z) be the third derivative of -z**7/840 - z**6/60 + z**5/60 + 7*z**4/24 + 25*z**3/6 + 17*z**2. Let l(f) be the first derivative of b(f). Calculate l(-6).
-5
Let a be 2/(1 + 0 + 1). Let d(n) = -1. Let q(b) = -b + 4. Let s(c) = a*q(c) - 3*d(c). Let h be (-225)/(-39) + 9/39. Determine s(h).
1
Let y(t) = -t**2 - 8*t + 24. Let n be y(-10). Let g(q) be the second derivative of -q**5/20 + q**4/3 - 2*q**2 + 2*q. Give g(n).
-4
Let a(h) be the first derivative of h**4/4 + h**3/3 + h**2/2 + 3*h - 26. Let f be (4/8)/(5/(-30)). Calculate a(f).
-18
Let p(y) = 4*y**3 + 22*y**2 + 2*y - 8. Let n(a) = -3*a**3 - 15*a**2 - a + 7. Let w(h) = -3*n(h) - 2*p(h). Calculate w(3).
28
Let o(g) be the third derivative of -g**6/120 + g**5/20 + g**4/24 + g**3/2 + 7*g**2 - 4. Let u be (-3)/(-3*1/4). What is o(u)?
-9
Let c be 8/(-12) + (18296/12 - 3). Let x(n) = 3*n + c + 2*n - 1515 - 6*n. Give x(6).
0
Let a(l) = -2*l**3 - l**2 + l - 2. Let f be (-4)/(-26) + (464/13)/2. Suppose 13*k - f*k - 10 = 0. Give a(k).
8
Let n(r) = -r**3 - 5*r**2 - 1. Suppose 2*x = -224 + 216. Calculate n(x).
-17
Let y = 16 - 11. Suppose 0 = 5*p - 10*p + 20. Let d(b) = -4 + b - p + 4. Give d(y).
1
Let l(m) be the second derivative of -m**5/4 + m**4/6 + m**3/6 - 65*m. Let f(i) = i + 5. Let w be f(-6). Determine l(w).
6
Suppose 0*g = -5*g + 30. Let y(a) be the first derivative of -a**3/3 + 3*a**2 - 6*a + 250. What is y(g)?
-6
Let j(c) = -c**3 - 11*c**2 - 9*c + 17. Let z be (1988/182 - 11) + (-129)/13. Give j(z).
7
Let c(a) be the first derivative of a**2 - 1 - 5*a - 1/3*a**3. Suppose -416 = -151*w + 47*w. Determine c(w).
-13
Let f = 5 + -2. Let p(t) = -3*t**3 + 2*t**3 + 1 - t + 0 + 5*t. Give p(f).
-14
Let d(n) = -n**2 - 1. Suppose 3*h + 36 = -0*h. Let i be 2 - h*(-1)/2. Let g(y) = -y - 7. Let v be g(i). Calculate d(v).
-10
Let k(o) = -o - 2. Let y(n) = -8*n - 13. Let a(r) = 5*k(r) - y(r). Calculate a(3).
12
Suppose 15*l = 25 + 125. Let j(r) = r**3 - 10*r**2 - r + 2. Give j(l).
-8
Let j(a) = 3*a - 3. Suppose -5*f + 16 - 6 = 0. Suppose 2*d + 5*n + 18 = 6*d, -d - 2*n - f = 0. Give j(d).
3
Let j(f) = f + 5. Let g be j(4). Let w be 8 + -2 - 36/6. Suppose w + g = 3*o. Let l(m) = 2*m + 4. Calculate l(o).
10
Suppose -11 = -5*g + 9, 2*i + 2*g = 48. Let j = 0 + -1. Let x be (i - 19)/(j/6). Let w(v) = -v**2 - 6*v + 6. What is w(x)?
6
Let w(z) be the second derivative of -z**3/6 - 8*z**2 + 2*z. Let o be w(-12). Let y(k) = -2 - 3 + 0*k**2 + 3*k + k**2. Determine y(o).
-1
Let o(i) = i**3 + 4*i**2 - 6*i - 4. Suppose -3*b + 6 + 0 = 0. Suppose 2*c + b = 3*c. Let g be 1 - (1 + c) - 3. Determine o(g).
1
Suppose -23*b = -28*b + 25. Let n(a) be the third derivative of a**6/120 - a**5/12 - a**4/24 + a**3/3 - 11*a**2. Calculate n(b).
-3
Let o(x) = -x + 3. Let v(q) = q - 4*q + q + q**2 - 4 + 5. Let r be v(3). Calculate o(r).
-1
Let f(u) = -2*u**2 - 4*u + 7. Let r(d) = -6*d**2 - 12*d + 19. Let p(j) = 11*f(j) - 4*r(j). Calculate p(-4).
17
Suppose t = -4 + 7. Suppose 2*f + 8 = 4*o, -4 = t*f - o - 12. Let m(v) = -1 + 0*v - v + f. Give m(0).
3
Let u be (0 - 1)*(-4 + 1). Let p(l) = 11*l + 2. Give p(u).
35
Let y(r) = 2*r**3 + r**2 + 29. Let v be y(-3). Let s(o) = -o - 2. Determine s(v).
14
Let l = -32 - -46. Suppose 2*b - 3*y - l = 0, 3*b = -0*y + 5*y + 22. Suppose 3*r + 5 = -b. Let c(k) = 2*k**2 + 4*k - 1. Calculate c(r).
5
Let b(d) be the third derivative of -d**4/24 + 2*d**3 - 147*d**2. Determine b(0).
12
Let o(b) = -b**2 - 5*b - 4. Let v be 2/(-12) + 31/6. Let m be 1 - (v + (5 - 4)). Give o(m).
-4
Let t(v) = 20 + 1685*v**2 - 2*v - 564*v**2 + v**3 - 566*v**2 - 571*v**2. Give t(16).
-12
Let h(g) = -g**2 - 8*g + 2. Let v be h(-4). Let k = v - 21. Let t(d) = d - 5*d - 6 + 2. Calculate t(k).
8
Let h(b) = b**3 - 4*b**2 + 2*b. Let f = -17 - 21. Let o = -35 - f. Give h(o).
-3
Let b(c) be the first derivative of 1/4*c**4 + 2*c + 0*c**2 + 7/3*c**3 - 4. Calculate b(-7).
2
Let f(h) = -17*h**3 - 22*h**2 - 24*h - 23. Let x(p) = -7*p**3 - 10*p**2 - 11*p - 11. Let b(o) = -2*f(o) + 5*x(o). Determine b(-4).
-13
Suppose b + 2 = 3*q - b, b = -q + 4. Suppose -36 = 4*o + 4*c, -4*o - 24 = -q*o + 4*c. Let i(n) = -n**3 - 6*n**2 + n + 3. Give i(o).
-3
Let m(s) be the second derivative of s**4/12 - s**3/3 - 3*s**2 + 320*s. Calculate m(4).
2
Suppose 79*g - 4 = 77*g. Let y(v) = g*v + 6*v - 11 - v + 15. Calculate y(-3).
-17
Let s(c) be the third derivative of -c**6/120 + c**5/4 + 2*c**4/3 + 4*c**3/3 - 173*c**2. Give s(16).
8
Let j(c) = -c**3 - 16*c**2 + c + 12. Let q be j(-16). Let h(o) = o**2 + o - 6. Let p(v) = v**2 - 7. Let u(w) = 4*h(w) - 3*p(w). Determine u(q).
-3
Let o = 16 + 0. Let x = -11 + o. Let d be ((-8)/(-10))/(1/x). Let t(q) = -q**3 + 3*q**2 + 7*q - 5. Give t(d).
7
Suppose -24 = 2*y - 22. Let x(r) = 12*r**3 - r**2 + 1. Calculate x(y).
-12
Suppose 4*t - 4*w + 12 = 0, 2*t - w + 6*w - 15 = 0. Let p(a) = -5*a + 16. Let y(i) = 3*i - 10. Let l(k) = -5*p(k) - 8*y(k). Give l(t).
0
Suppose 0 = -3*m + 35 - 38. Let w(q) = -7*q**3 + 2*q**2 + 4*q + 2. Calculate w(m).
7
Suppose 16 = 3*g + 5*r - 37, r - 65 = -4*g. Suppose -2*b - 38 = 5*o, -b - g = 3*b. Let l(z) = z**3 + 6*z**2 - 2*z + 5. Determine l(o).
17
Let k be (32/((-8)/(-2)))/2. Let m be (k - 4/2) + -2. Let q be m/((0 + -2)*-1). Let p(d) = d**2 - 4. Determine p(q).
-4
Let o(r) = -13*r - 3 + 51*r - 16*r - 21*r. Give o(-7).
-10
Let w be 4/(-3)*147/28. Let l(n) = -n - 2. What is l(w)?
5
Let u(b) = -b**2 - 8*b - 1. Let g be u(-7). Let v(d) = 4 + 4 - g - d - 3. Calculate v(-6).
5
Let t(n) be the second derivative of n**3/3 - 9*n**2 - n - 8. Determine t(14).
10
Suppose -3*w = -4*w - 3. Let o(d) = 5*d**3 - 2*d**2 + 5*d + 8. Let l be (2/5)/(-5 + 148/30). Let u(f) = f**3 + 1. Let a(y) = l*u(y) + o(y). Calculate a(w).
-4
Let v(a) be the seco